 -4 + -9 + -14 + (12 - -13) + -10?
-80
Evaluate 78 + 23 + (36 - 17).
120
Evaluate -215 + 196 + (-21 - 17).
-57
-80 - -118 - (-72 - -82)
28
9 + -9 + (16 - 6) + 55 + (0 - 17)
48
Calculate 5572 - 5583 - (2 + -1 - 21).
9
Evaluate (1 + (-16 - 10) - -9) + 15 + 0 + 0.
-1
(66 + -74 - -9) + -30
-29
Evaluate 182 - 45 - (-63 + 82).
118
What is the value of 42 + (-103 - (-23 + -26))?
-12
Calculate -2 + 1 + (24 + 4 - (97 + -33)).
-37
Evaluate 3 - (4 + 28 + -19 + -5).
-5
Calculate 95 + -14 + 20 + (2 - (14 + (3 - 16))).
102
Evaluate -3 - (-14 - 4) - ((71 - 1) + -12).
-43
What is (-4 - (10 + (1 - 24)) - (2 - -7)) + -32?
-32
Evaluate 5 + -12 + -93 + -8 + -12 + -2 + 13.
-109
Evaluate 4 - 86 - 1 - (-315 + 300 + (27 - 4)).
-91
What is the value of 30 - (37 - -45 - 52)?
0
(54 - (3 + 78)) + (-1 - -48)
20
Calculate 44 + -9 + 73 - 42.
66
What is -40 - (-78 - (-62 - -27)) - 140?
-137
36 - 50 - (-63 + -7 + 32)
24
Evaluate (-1 - 3) + (3 - -126 - 1) + -1709 + 1720.
135
5646 - 5647 - (-2 + -2 + 0 + 3 - -66)
-66
Evaluate -3 - (23 + (-14 - -12)) - -13.
-11
Calculate -52 + 48 + -11 + (1 - 3) + 99.
82
Evaluate 29 + 11 + -46 + (2 - (36 + 2)).
-42
Calculate 0 + 16 + -35 - -58.
39
Evaluate (-33 - (-85 + 144)) + 145.
53
Calculate -17 - 24 - (-19 - (-6 + -24)).
-52
What is the value of -1 - -26 - (0 - -106 - (925 + -907))?
-63
Calculate (-8 - (8 + 3)) + 130 + -97.
14
What is the value of (3 - ((1 - 0) + 71)) + -24 + -35 + 49?
-79
Evaluate 56 - (-28 - 4 - (-19 - (5 + -3))).
67
Evaluate ((33 - -21) + -17 - 6) + (1 - -2).
34
What is 14 + (-12 - (8 - -2)) - (0 - -28)?
-36
Evaluate 32 + (-37 + 16 - 4) + 1.
8
-4 - 93 - (-18 - -8)
-87
Calculate -5315 + 5287 + (6 - (2 + 2)).
-26
Evaluate -17 + 39 + -61 + -4.
-43
What is -21 + 12 - (-34 - (-1 - -11))?
35
Evaluate 29 + -24 + (45 - 45) + -63 + -2.
-60
What is -33 - ((76 - 60 - (2 + 12)) + 0)?
-35
-1 - -109 - (-5 + 2) - ((-162 - -25) + 139)
109
What is the value of 4 + (7 - (4 + -3) - 0) + 40?
50
What is -12 + ((6 - (-9 + 31)) + -2 - -7)?
-23
What is the value of -41 - (1 + -12 + 18 + (3 - 1) + -6)?
-44
What is -8 + -57 + 77 + (-40 + 8 - 9)?
-29
Evaluate -89 - (97 - 106 - 17).
-63
Evaluate 735 + -718 - (-1 + 0 - (15 - 47)).
-14
What is the value of (-126 - -166 - (9 - -40)) + 128?
119
Evaluate -24 - (46 - 13) - -52.
-5
What is -16 - (4 + -4) - (85 + -25 + -65)?
-11
(5 + -6 - -20) + -30 - 36
-47
What is -59 - (12 - 25 - 25 - -18)?
-39
What is the value of (9 + (-63 - -33) - -16) + (-1 - (36 + -1))?
-41
What is the value of (-62 + (-1 - -2) - (17 + -21)) + 3?
-54
Calculate 1 + 2 + 0 - (-133 - (-158 + 47)).
25
(43 - 22) + -57 + 1 + -23
-58
Evaluate (-6 + 0 - -3 - -13) + 7 + -54.
-37
What is (49 - 41) + -4 + -1 + -11 + 2?
-6
What is (23 - -1 - (-10 + 22 + -6)) + 15?
33
What is the value of -7 - ((0 - 25) + (-529 - -545) + (-7 - -1))?
8
What is (-6 - (-21 + 83)) + 64?
-4
Evaluate -340 - -346 - (-113 - -109 - (-1 + (-2 - -79))).
86
1 + -65 + -23 + -1 + (-53 - -53)
-88
What is 0 - (-69 + -26 + 136)?
-41
What is 6 + 12 + -7 + 2 + 14 + -37 + -47?
-57
Calculate (-3 - 0 - -14) + 14 - -10.
35
What is the value of (320 - 312 - (0 - 27)) + -31?
4
Calculate -5 + (-29 - (3 - 24)) + -36.
-49
What is the value of -95 - -42 - (-40 - -33 - -26)?
-72
Evaluate (2 - 11) + 6 - (11 - (-30 - -8)).
-36
Calculate -17 + -1 - (199 - (120 - -116)).
19
Calculate -9 + (-20 - -58) + -30 + -16.
-17
What is the value of 132 + (-282 - 10) + 53?
-107
Calculate 23 - 22 - (-7 + 18 + -15 - -50).
-45
Evaluate 1 - (-1 - 2) - -33 - (-841 - -835).
43
40 + -4 - (-69 - 18 - -115)
8
What is 78 + -75 - (-1 + -5) - ((0 - -28) + -5)?
-14
Calculate -27 + (35 - 1) + 57 + -90.
-26
Calculate 12 - -31 - -4 - (-15 - -1).
61
What is (-749 + 368 - -379) + (-2 - (1 + -2 + 134))?
-137
Evaluate -33 + (-22 - (-26 - 6 - 10)).
-13
(2 + -2 - -3) + 8 + (36 + 15 - 8)
54
What is (-82 - -98) + (12 - 19) + 3 + 1?
13
What is the value of 128 + -174 - (9 + -46)?
-9
What is the value of 1 - -9 - 2 - (-22 - -6 - 1)?
25
What is the value of 2 + 72 + -33 + -19?
22
Calculate (5 + -8 - (15 + -8)) + (-58 - (-1 + -2)).
-65
Evaluate -4 + -18 + 8 + -2 - 30.
-46
Calculate 22 - ((-20 + 31 - 22) + -22).
55
Calculate -34 + 81 - (8 + (-5 - -4) + (5 - 0)).
35
What is -51 + 6 + -2 + (13 - 16 - -21) + -15?
-44
Calculate 8 - ((10 - -1 - (-43 - 11)) + -7).
-50
Calculate -1 - -7 - 5 - 43 - (-1 - 1 - 10).
-30
-14 + (22 - 2) + -21 + (50 - -30)
65
-91 + -8 + 5 - (-141 - -132)
-85
Calculate -21 + -46 + 46 + -46 + -1.
-68
What is (29 - -2) + (1 - 0 - -2) + (-949 - -937)?
22
What is the value of 97 - (87 - -42) - (35 + -1)?
-66
Evaluate 8 + 1 + (2 + 4 - 18 - -21).
18
What is 16 + -2 + -5 + (1 - 7) - -91 - 1?
93
Evaluate -7 + 8 - -20 - (7 + -21 + 15).
20
What is -5 + 87 - 35 - 32 - (-46 - 0)?
61
What is the value of -87 + (-69 - -90 - 19)?
-85
What is the value of -1 + (3 - (-3 - 17)) + (-18 + 25 - 7)?
22
What is -57 + 0 - (-2408 - -2309)?
42
What is the value of 18 + -16 + 3 + (-48 - -7)?
-36
What is the value of 197 + -200 - (-24 - -7 - 1)?
15
-1 - 19 - (145 + -28 + -28 - 20)
-89
-12 - (1 - 9) - (-9 - 8)
13
What is the value of (98 - 157 - -16) + (0 - 2 - -4)?
-41
3 - 15 - (-23 + -70 + (-6 - -4 - -3))
80
What is (-42 - 6) + 79 + -59?
-28
What is -583 - -509 - (-14 - (-2 - 2) - 2)?
-62
Calculate 117 + (-273 - (-255 + 107)).
-8
(1 - (2 - 0) - (-13 - -9)) + -5 + -11
-13
What is 34 + -39 + 4 + (1 - 61) - 8 - -6?
-63
What is -8 + -10 + (2 - -92 - -8) + (-1 - 10)?
73
-4 - (2 - 17) - (1 + (59 - 32 - 146))
129
What is the value of -10 - (-14 - 6) - (-1 - 0 - (5 + -6))?
10
What is (-11 - (2 + 4)) + 9 + 43?
35
Evaluate 21 + 0 - (39 + (-114 - -45)).
51
Evaluate 105 - 123 - (-25 - -3) - -15.
19
(0 - -40) + (679 - 702)
17
-3 + -3 + 100 - (-19 + -6 + 49)
70
(-7 - (-3 + 0)) + 1 - (345 - 385)
37
(-69 + 62 - ((0 - 1) + 4 + -1)) + -17
-26
Calculate (63 - (-20 + (2 - -14) - -19)) + 0.
48
Evaluate -5 + (29 + -4 - 2) - (-5 + 13) - 0.
10
What is 16 - (-86 + 47 + 43)?
12
What is the value of (-1 - -4 - (12 + -79 - -85)) + -43?
-58
24 - (25 + (45 - 17)) - (-2 + 1)
-28
(-2 - (-26 - -20 - -9)) + -1 + -20
-26
Evaluate 18 - (-20 - (-4 - -41)).
75
Calculate -11 + -31 + -13 - (2 + 3 + (-24 - -10)).
-46
What is the value of -15 - (-239 + 220 + (-15 - 2))?
21
Calculate -35 + (-15 - (22 - 35)).
-37
Evaluate 57 + -32 + (65 - -3).
93
What is 29 + (15 - 35 - -36 - 22 - (1 + -15))?
37
Calculate (-36 - -19) + 22 + (-10 - 5).
-10
What is -17 + (-6 - -14) - (-4 + 0 + -57) - 1?
51
Calculate 1 + (0 - 10) - ((5 - 1) + (206 - 272)).
53
What is the value of 11 - (25 - (-1 - -9)) - (14 - 42)?
22
What is -20 + (25 - 45) + 40 + (5 - -1)?
6
Evaluate 9 + (0 - (0 + 1 + 1)) - (4851 + -4844).
0
Evaluate 32 + -36 + 0 + 2 + -47 + 17.
-32
What is 2 + 5 + (-3 + (2 - 6) - (-536 + 561))?
-25
What is the value of -3 - (26 - 107) - (-7 - -6) - 4?
75
-51 - (-63 + 89 + -47 + -3)
-27
Calculate -4 - (-4 + (5 - (0 + -5)) - 18) - -93.
101
-9 - ((12 - 45) + 12) - (16 - -46)
-50
11 + (-16 + 31 + -97 - 5)
-76
What is the value of 4437 - 4416 - (8 + -4 + 79)?
-62
Calculate 65 - (1 + 57) - (2 + 15).
-10
Calculate 79 - (-17 + 34 + -21) - (11 - -1) - -12.
83
What is the value of 61 + (27 - (88 + -32)) - 18?
14
What is -17 - (-30 + 21) - (1 - -79) - 21?
-109
Calculate (-20 - (21 - -6)) + 30.
-17
-16 - (35 - (123 + -74))
-2
Evaluate 27 + -31 - 17 - (0 - -12).
-33
What is -55 - (-22 - 4) - -45?
16
(-20 - -20 - -17) + 14
31
Evaluate -18 - -1 - (33 - (-28 - -66)).
-12
What is the value of -23 - -65 - (21 + (-56 - 11))?
88
Calculate 62 - (525 + -511 - (3 + 2)).
53
Calculate (-81 - -87) + -48 + -4 + -1 + 5.
-42
-61 + 103 + 27 - 21
48
Evaluate (25 - 1) + -394 + 356 - -24.
10
What is the value of 387 + -201 + -195 - (2 + (2 - 82))?
69
Evaluate 6 + (-13 + -1 - (-7 + -5 + 6)) - 0.
-2
What is (-5 - 15 - 24) + 14 + -13?
-43
Evaluate 2 + -8 + (0 - 5 - (-62 - (-82 + 2))).
-29
Calculate (-117 - -4) + (199 - 89 - 111).
-114
Evaluate (2 - 66 - 12) + (1 - 0) - -13.
-62
What is the value of (17 - (31 - 11)) + (2 - -11) + 53?
63
What is the value of -27 - (-8 - (9 - 29))?
-39
What is the value of (23 + -37 + 22 + -8 - (0 - 2)) + -66?
-64
What is the value of (-28811 - -28811) + 1 + (-1 - -2) + -14 + 1?
-11
-6 + (-7 - 10) + 2 + -32 + 18
-35
What is the value of (-3 - (-15 + 8)) + -169 + 3 + -3 + 10?
-155
Evaluate ((15 - 15) + 16